17, 2621
What are the prime factors of 5381704?
2, 29, 23197
List the prime factors of 33057351.
3, 3673039
What are the prime factors of 2367615?
3, 5, 157841
What are the prime factors of 8115740?
2, 5, 83, 4889
List the prime factors of 1403014.
2, 701507
List the prime factors of 717528.
2, 3, 7, 4271
What are the prime factors of 235931?
131, 1801
What are the prime factors of 16203024?
2, 3, 37507
What are the prime factors of 5610650?
2, 5, 112213
What are the prime factors of 1263828?
2, 3, 105319
List the prime factors of 653331.
3, 7, 53, 587
What are the prime factors of 1525346?
2, 109, 6997
List the prime factors of 10714416.
2, 3, 223217
List the prime factors of 17657.
17657
What are the prime factors of 959612?
2, 127, 1889
What are the prime factors of 120877?
120877
What are the prime factors of 582006?
2, 3, 97001
What are the prime factors of 17678980?
2, 5, 11, 17, 29, 163
What are the prime factors of 1580621?
7, 349, 647
What are the prime factors of 2430154?
2, 311, 3907
List the prime factors of 86640.
2, 3, 5, 19
What are the prime factors of 11100886?
2, 5550443
List the prime factors of 12457356.
2, 3, 29, 35797
What are the prime factors of 2493729?
3, 7, 23, 1721
List the prime factors of 4360654.
2, 83, 109, 241
List the prime factors of 1275158.
2, 727, 877
What are the prime factors of 6130961?
83, 73867
What are the prime factors of 23445487?
13, 19, 23, 4127
List the prime factors of 5812180.
2, 5, 11, 29, 911
List the prime factors of 513316.
2, 181, 709
What are the prime factors of 5890796?
2, 59, 109, 229
What are the prime factors of 3299?
3299
What are the prime factors of 2618644?
2, 7, 93523
List the prime factors of 72904.
2, 13, 701
List the prime factors of 298036.
2, 74509
List the prime factors of 1537669.
7, 4483
What are the prime factors of 2322921?
3, 19, 83, 491
What are the prime factors of 64112?
2, 4007
What are the prime factors of 38588?
2, 11, 877
What are the prime factors of 650567?
650567
List the prime factors of 93079.
7, 13297
What are the prime factors of 370269?
3, 41141
What are the prime factors of 1749345?
3, 5, 13, 8971
What are the prime factors of 372393?
3, 7, 23, 257
List the prime factors of 20741378.
2, 7, 1481527
List the prime factors of 195775.
5, 41, 191
What are the prime factors of 1350101?
1350101
What are the prime factors of 569121?
3, 7, 41, 661
What are the prime factors of 139613?
149, 937
What are the prime factors of 2037589?
569, 3581
List the prime factors of 227204.
2, 79, 719
What are the prime factors of 58067?
58067
List the prime factors of 4050.
2, 3, 5
List the prime factors of 8806271.
43, 204797
List the prime factors of 3555726.
2, 3, 592621
What are the prime factors of 8081247?
3, 2693749
List the prime factors of 31347275.
5, 23, 54517
List the prime factors of 1972946.
2, 79, 12487
What are the prime factors of 12314702?
2, 6157351
List the prime factors of 1477069.
11, 47, 2857
List the prime factors of 736121.
736121
List the prime factors of 326596.
2, 81649
List the prime factors of 3999989.
7, 43, 97, 137
List the prime factors of 305579.
431, 709
What are the prime factors of 246889?
246889
What are the prime factors of 44457?
3, 7, 29, 73
List the prime factors of 9443149.
401, 23549
List the prime factors of 15957132.
2, 3, 1329761
What are the prime factors of 525322?
2, 7, 157, 239
What are the prime factors of 3404180?
2, 5, 13, 13093
List the prime factors of 5475601.
149, 36749
List the prime factors of 7387648.
2, 47, 307
List the prime factors of 8936252.
2, 13, 171851
List the prime factors of 189644.
2, 7, 13, 521
List the prime factors of 230717.
19, 12143
List the prime factors of 21343.
7, 3049
List the prime factors of 36124101.
3, 13, 283, 1091
List the prime factors of 9285630.
2, 3, 5, 309521
List the prime factors of 1469147.
1469147
What are the prime factors of 503301?
3, 127, 1321
List the prime factors of 218840.
2, 5, 5471
List the prime factors of 230899.
73, 3163
What are the prime factors of 2780237?
1301, 2137
What are the prime factors of 247752?
2, 3, 31, 37
List the prime factors of 2559878.
2, 821, 1559
What are the prime factors of 10128?
2, 3, 211
List the prime factors of 1608764.
2, 89, 4519
List the prime factors of 2792106.
2, 3, 181, 857
List the prime factors of 126483.
3, 7, 19, 317
What are the prime factors of 8911179?
3, 17, 58243
List the prime factors of 22928.
2, 1433
List the prime factors of 264044.
2, 11, 17, 353
List the prime factors of 6567334.
2, 113, 29059
What are the prime factors of 213701?
29, 7369
List the prime factors of 1519370.
2, 5, 151937
List the prime factors of 398859.
3, 132953
List the prime factors of 1223215.
5, 7, 34949
What are the prime factors of 5143610?
2, 5, 514361
What are the prime factors of 48344?
2, 6043
What are the prime factors of 4974351?
3, 101, 16417
What are the prime factors of 950267?
83, 107
List the prime factors of 7942474.
2, 53, 74929
What are the prime factors of 853542?
2, 3, 47419
What are the prime factors of 267715?
5, 7, 7649
What are the prime factors of 119650?
2, 5, 2393
List the prime factors of 14101781.
19, 742199
List the prime factors of 14354572.
2, 227, 15809
List the prime factors of 9182518.
2, 281, 16339
What are the prime factors of 4161444?
2, 3, 7, 107, 463
List the prime factors of 14698616.
2, 863, 2129
What are the prime factors of 70814?
2, 35407
What are the prime factors of 4743959?
11, 431269
List the prime factors of 1751857.
19, 92203
List the prime factors of 4726387.
4726387
List the prime factors of 36993881.
31, 1193351
What are the prime factors of 13333480?
2, 5, 333337
List the prime factors of 133474.
2, 11, 6067
List the prime factors of 319971.
3, 106657
List the prime factors of 824688.
2, 3, 23, 83
List the prime factors of 16252902.
2, 3, 449, 2011
What are the prime factors of 3698503?
17, 217559
List the prime factors of 360728.
2, 67, 673
What are the prime factors of 613925?
5, 13, 1889
List the prime factors of 148319.
71, 2089
List the prime factors of 14361938.
2, 7180969
List the prime factors of 159231.
3, 53077
What are the prime factors of 63379?
61, 1039
What are the prime factors of 178766?
2, 7, 113
List the prime factors of 564998.
2, 7, 40357
What are the prime factors of 30179763?
3, 1117769
List the prime factors of 601077.
3, 191, 1049
List the prime factors of 5683920.
2, 3, 5, 11, 2153
What are the prime factors of 221127?
3, 73709
List the prime factors of 2055070.
2, 5, 205507
What are the prime factors of 21112426?
2, 31, 229, 1487
What are the prime factors of 15203?
23, 661
What are the prime factors of 299030?
2, 5, 17, 1759
List the prime factors of 270151.
7, 38593
What are the prime factors of 466355?
5, 19, 4909
List the prime factors of 612254.
2, 107, 2861
What are the prime factors of 5083982?
2, 19, 337, 397
What are the prime factors of 1434205?
5, 17, 47, 359
List the prime factors of 1375187.
11, 125017
List the prime factors of 109356.
2, 3, 13, 701
What are the prime factors of 3108051?
3, 38371
List the prime factors of 2093231.
7, 42719
List the prime factors of 1345643.
13, 103511
List the prime factors of 6007917.
3, 43, 46573
List the prime factors of 146109.
3, 113, 431
List the prime factors of 13059384.
2, 3, 13, 19, 2203
What are the prime factors of 80813?
211, 383
List the prime factors of 5714528.
2, 43, 4153
What are the prime factors of 656485?
5, 131297
What are the prime factors of 14597651?
14597651
What are the prime factors of 1473353?
7, 109, 1931
What are the prime factors of 2708509?
2708509
What are the prime factors of 41238?
2, 3, 29, 79
What are the prime factors of 19564828?
2, 43, 113749
List the prime factors of 7459990.
2, 5, 745999
List the prime factors of 24946252.
2, 53, 117671
List the prime factors of 432292.
2, 7, 15439
List the prime factors of 5584352.
2, 47, 79
List the prime factors of 12116862.
2, 3, 79, 8521
List the prime factors of 291998.
2, 7, 20857
What are the prime factors of 389628?
2, 3, 79, 137
List the prime factors of 202963.
17, 11939
What are the prime factors of 423273?
3, 199, 709
List the prime factors of 16430845.
5, 983, 3343
List the prime factors of 1473499.
41, 83, 433
List the prime 